529734 is divided by 162.
156
What is the remainder when 8019 is divided by 298?
271
Calculate the remainder when 6781 is divided by 188.
13
What is the remainder when 10939 is divided by 230?
129
What is the remainder when 317172 is divided by 231?
9
What is the remainder when 111357 is divided by 480?
477
What is the remainder when 67447 is divided by 71?
68
What is the remainder when 58062 is divided by 35?
32
What is the remainder when 98546 is divided by 219?
215
Calculate the remainder when 511 is divided by 495.
16
What is the remainder when 26086 is divided by 26077?
9
Calculate the remainder when 10551 is divided by 3505.
36
What is the remainder when 1494687 is divided by 259?
257
What is the remainder when 64636 is divided by 37?
34
Calculate the remainder when 837070 is divided by 10.
0
Calculate the remainder when 229242 is divided by 18.
12
What is the remainder when 14749 is divided by 1029?
343
Calculate the remainder when 220766 is divided by 54.
14
What is the remainder when 292 is divided by 130?
32
Calculate the remainder when 7598 is divided by 124.
34
What is the remainder when 652396 is divided by 22?
8
What is the remainder when 64099 is divided by 1256?
43
What is the remainder when 4115 is divided by 1172?
599
Calculate the remainder when 1588 is divided by 42.
34
Calculate the remainder when 3986 is divided by 332.
2
Calculate the remainder when 8007 is divided by 182.
181
What is the remainder when 395 is divided by 12?
11
What is the remainder when 7320 is divided by 105?
75
What is the remainder when 729 is divided by 227?
48
Calculate the remainder when 2492 is divided by 48.
44
What is the remainder when 4087775 is divided by 94?
91
Calculate the remainder when 84132 is divided by 98.
48
Calculate the remainder when 3103 is divided by 191.
47
Calculate the remainder when 37890 is divided by 4733.
26
Calculate the remainder when 78868 is divided by 232.
220
What is the remainder when 15446 is divided by 596?
546
What is the remainder when 50031 is divided by 10002?
21
What is the remainder when 7257 is divided by 1780?
137
Calculate the remainder when 9847 is divided by 351.
19
What is the remainder when 1738 is divided by 12?
10
What is the remainder when 12083 is divided by 84?
71
What is the remainder when 2833 is divided by 67?
19
What is the remainder when 4893 is divided by 199?
117
Calculate the remainder when 571467 is divided by 176.
171
Calculate the remainder when 4779 is divided by 3434.
1345
What is the remainder when 13468 is divided by 6698?
72
What is the remainder when 1966 is divided by 116?
110
Calculate the remainder when 111308 is divided by 220.
208
Calculate the remainder when 4431 is divided by 890.
871
What is the remainder when 6919 is divided by 254?
61
What is the remainder when 987 is divided by 11?
8
What is the remainder when 32794 is divided by 528?
58
What is the remainder when 234429 is divided by 132?
129
Calculate the remainder when 16528 is divided by 2060.
48
What is the remainder when 75395 is divided by 100?
95
Calculate the remainder when 37807 is divided by 10.
7
What is the remainder when 610695 is divided by 31?
26
Calculate the remainder when 57384 is divided by 23.
22
What is the remainder when 134534 is divided by 453?
446
Calculate the remainder when 5498 is divided by 137.
18
Calculate the remainder when 1885 is divided by 616.
37
Calculate the remainder when 3881 is divided by 1806.
269
What is the remainder when 2897 is divided by 409?
34
Calculate the remainder when 8807 is divided by 8747.
60
What is the remainder when 8284 is divided by 2053?
72
What is the remainder when 105198 is divided by 26294?
22
What is the remainder when 85222 is divided by 30?
22
Calculate the remainder when 1197302 is divided by 168.
134
What is the remainder when 174892 is divided by 309?
307
Calculate the remainder when 99394 is divided by 49.
22
What is the remainder when 1264535 is divided by 28?
27
What is the remainder when 19841 is divided by 2204?
5
Calculate the remainder when 6129 is divided by 385.
354
Calculate the remainder when 4758 is divided by 4709.
49
Calculate the remainder when 38898 is divided by 189.
153
What is the remainder when 3800 is divided by 540?
20
What is the remainder when 216699 is divided by 54?
51
Calculate the remainder when 4206 is divided by 39.
33
What is the remainder when 13141 is divided by 947?
830
Calculate the remainder when 10502 is divided by 19.
14
Calculate the remainder when 31983 is divided by 16.
15
Calculate the remainder when 111791 is divided by 39.
17
What is the remainder when 3215 is divided by 153?
2
What is the remainder when 22285 is divided by 7308?
361
What is the remainder when 6208 is divided by 2327?
1554
Calculate the remainder when 278 is divided by 215.
63
Calculate the remainder when 29376 is divided by 2443.
60
What is the remainder when 2246 is divided by 250?
246
Calculate the remainder when 528 is divided by 152.
72
What is the remainder when 14611 is divided by 2431?
25
What is the remainder when 754 is divided by 55?
39
Calculate the remainder when 38396 is divided by 50.
46
Calculate the remainder when 123744 is divided by 20621.
18
Calculate the remainder when 28020 is divided by 58.
6
Calculate the remainder when 1383530 is divided by 461176.
2
What is the remainder when 1631 is divided by 187?
135
What is the remainder when 3173 is divided by 124?
73
What is the remainder when 17548 is divided by 2192?
12
What is the remainder when 1089 is divided by 389?
311
What is the remainder when 1334374 is divided by 979?
976
What is the remainder when 24147 is divided by 23943?
204
What is the remainder when 32484 is divided by 32357?
127
Calculate the remainder when 4651 is divided by 228.
91
What is the remainder when 12474 is divided by 832?
826
What is the remainder when 95016 is divided by 1939?
5
Calculate the remainder when 10655 is divided by 254.
241
What is the remainder when 32709 is divided by 10?
9
What is the remainder when 1426497 is divided by 713244?
9
What is the remainder when 470305 is divided by 40?
25
What is the remainder when 6975 is divided by 333?
315
Calculate the remainder when 32352 is divided by 55.
12
Calculate the remainder when 607 is divided by 60.
7
Calculate the remainder when 418334 is divided by 549.
545
What is the remainder when 37347 is divided by 151?
50
What is the remainder when 32602 is divided by 10835?
97
What is the remainder when 955 is divided by 938?
17
What is the remainder when 408612 is divided by 408592?
20
Calculate the remainder when 50983 is divided by 293.
1
Calculate the remainder when 3139 is divided by 796.
751
Calculate the remainder when 25784 is divided by 26.
18
Calculate the remainder when 28815 is divided by 131.
126
Calculate the remainder when 118136 is divided by 7875.
11
Calculate the remainder when 680204 is divided by 3.
2
What is the remainder when 268418 is divided by 4?
2
What is the remainder when 50161 is divided by 12540?
1
What is the remainder when 2939296 is divided by 6?
4
Calculate the remainder when 29555 is divided by 954.
935
What is the remainder when 12703 is divided by 712?
599
Calculate the remainder when 5633 is divided by 654.
401
Calculate the remainder when 29575 is divided by 1408.
7
Calculate the remainder when 238415 is divided by 59585.
75
Calculate the remainder when 3536009 is divided by 20.
9
What is the remainder when 4540 is divided by 1431?
247
Calculate the remainder when 7414 is divided by 339.
295
Calculate the remainder when 294913 is divided by 20.
13
Calculate the remainder when 447 is divided by 55.
7
What is the remainder when 14325 is divided by 477?
15
Calculate the remainder when 306580 is divided by 211.
208
What is the remainder when 1877 is divided by 162?
95
Calculate the remainder when 62495 is divided by 248.
247
What is the remainder when 14617 is divided by 1322?
75
Calculate the remainder when 6388 is divided by 121.
96
What is the remainder when 915 is divided by 868?
47
Calculate the remainder when 10929 is divided by 1359.
57
Calculate the remainder when 240095 is divided by 1356.
83
What is the remainder when 44167 is divided by 5?
2
Calculate the remainder when 2021974 is divided